et d be p(8). Calculate the greatest common factor of d and 1.
1
Suppose 8*m + 157 = 501. Suppose -64*i = -m*i - 336. Calculate the highest common factor of 16 and i.
16
Let v = 521 - 869. Let o = -346 - v. Calculate the greatest common factor of o and 34.
2
Let b be (4/(-44) - 10724/616)*-22. Calculate the highest common factor of 14 and b.
7
Suppose 362*o - 376*o + 2646 = 0. What is the greatest common factor of 126 and o?
63
Let y be (-136)/85 - ((-15665)/25 - 0). What is the highest common divisor of 25 and y?
25
Suppose -63*a + 74*a + 22 = 0. Let r be 2484/162 - 3/(-18)*a. What is the highest common divisor of 105 and r?
15
Let l = 4330 + -4287. What is the greatest common divisor of l and 3483?
43
Let n = -51 + 74. Let y(u) = 9*u - 131. Let o be y(17). Let l = n - o. Calculate the highest common divisor of 2 and l.
1
Let t be -10*(-1 - 4/(-8)). Let j be 4 + (43 - (-15)/t). Suppose 5*r + 3*x + 3 = 53, -5*r = -5*x - j. Calculate the highest common factor of r and 5.
5
Let m = -424 + 624. Suppose -3*q - 2*j + 26 = 0, 2*q - 13*j - 17 = -14*j. What is the greatest common divisor of q and m?
8
Let u be (0 + 1)/(75297/9405 + 8/(-1)). What is the highest common divisor of 375 and u?
15
Let f be 4828*(-10 + (-492)/(-48)). Calculate the highest common factor of f and 391.
17
Let c be (22 + (-2580)/42)/((-1)/28). Calculate the highest common factor of c and 1380.
276
Let c(s) = 13139*s + 197118. Let f be c(-15). Suppose -2*d - 6 = -0. Let b be (-2 + (-1)/(-1))*d. Calculate the greatest common divisor of b and f.
3
Let y = 73 - 83. Let p be -69*y/(-15)*-1. Calculate the greatest common factor of 2 and p.
2
Suppose -23796 = -18*j + 4248. Calculate the greatest common divisor of 76 and j.
38
Let q(w) = -483*w + 3486. Let i be q(6). What is the highest common factor of 336 and i?
84
Suppose r = 5*w + 1, 0*r + w = -3*r + 3. Let d = -5690 + 5695. Suppose s = -2*x + 9, -r = -d*s + 2*x + 8. What is the highest common factor of 12 and s?
3
Let o(a) = -a**3 - 10*a**2 - 15*a - 19. Let i be o(-7). Let p = i - -141. What is the highest common factor of 32 and p?
16
Suppose 18*b + 3009 = 26312 + 19141. Calculate the greatest common factor of 36 and b.
18
Let x = -67 + 21. Let a = -23 - x. Suppose -3*v - a = -4*v. What is the highest common factor of 253 and v?
23
Let j be 6 - (7 - 5) - -6. Suppose 0 = -4*h + j + 6, 5*i = -2*h + 168. Calculate the highest common factor of 96 and i.
32
Let b be (-12)/32 + (-5)/(40/(-627)) - 8. Calculate the highest common factor of 2650 and b.
10
Let s(x) = 2*x**2 + 92*x - 2260. Let q be s(-64). What is the greatest common divisor of q and 4268?
44
Suppose 66*g - 70*g = -20*q + 6132, -3*q + 977 = -5*g. Suppose -49 = -2*u + 27. What is the highest common factor of q and u?
38
Suppose 3403 - 1763 = 5*n. Calculate the highest common divisor of 24 and n.
8
Let u(m) = m**3 + 9*m**2 - 9*m + 5. Let p be u(-10). Let w be 113*p/(-15) + (-20)/(-15). Calculate the highest common factor of 6 and w.
3
Let o be (-111058)/(-14) + 4 + 18/(252/(-10)). Calculate the highest common divisor of o and 620.
124
Let n = -8358 + 8380. Let b(g) = g - 5. Let x = 13 + -6. Let y be b(x). What is the greatest common divisor of n and y?
2
Let n be (240/(-168))/(((-10)/42)/5). Suppose -6*r + 5*b + 81 = -2*r, r = -b + 27. What is the greatest common divisor of r and n?
6
Let g be (2 + -5)/(2/(-54)). Let s = g + -25. Suppose -100 = -4*t + 3*a, 0*t + 2*a = -5*t + 148. Calculate the greatest common factor of t and s.
28
Let b(m) = -153*m - 3656. Let d be b(-27). Let g be (1140/75)/(4/10). What is the highest common factor of g and d?
19
Let v = -222 - -377. Let p be (4 + 152)/13 - -19. Calculate the highest common divisor of v and p.
31
Suppose 12*s - 14*s + 22 = 0. Suppose s = 5*c + 1. Suppose -c*x + 2 = 0, -z + 65 = z - 3*x. Calculate the greatest common divisor of z and 85.
17
Suppose 24*o - 22544 - 31888 = 0. Suppose -o = -141*x + 129*x. What is the highest common factor of 7 and x?
7
Suppose -23*t = -7*t + 784. Let y = 70 + t. Calculate the highest common divisor of 6 and y.
3
Let a(k) = 8*k**2 - 36*k - 288. Let b be a(-9). Calculate the greatest common divisor of b and 2223.
171
Suppose -5*f - 1360 = -15*f. Suppose 5*h = 0, -h + 154 + 254 = 4*g. Calculate the highest common factor of g and f.
34
Let k = 179 - -688. Calculate the greatest common divisor of k and 34.
17
Suppose -1040 = 370*s - 375*s. Suppose 2*k + 4*n = -3*k + 184, 0 = 5*k - 2*n - s. Calculate the highest common factor of 25 and k.
5
Let p = 28778 - 28758. Calculate the greatest common divisor of p and 356.
4
Suppose 189 = 4*s - 5*f, 334*s + 3*f = 331*s + 162. What is the greatest common factor of 5559 and s?
51
Suppose 0 = 3*j - 5*p - 276, 3*j + j - 5*p = 363. Let s = -41 + j. Let y = s - 41. What is the greatest common divisor of y and 35?
5
Suppose 10*m = -68*m - 37*m + 2760. Calculate the greatest common factor of m and 12108.
12
Let f(u) = -14*u - 4. Let p be f(-4). Suppose 84*x = -59*x + 5720. Let o = p - x. What is the greatest common factor of 48 and o?
12
Let r = 8267 - 8135. Suppose 0 = 4*h + 4*n - 64, 8 + 24 = 4*h - 4*n. What is the greatest common factor of h and r?
12
Suppose 3*o + 2*a - 950 = 0, 5*o - 13*a = -14*a + 1595. Calculate the greatest common factor of o and 230.
10
Let y = -23347 + 36659. Calculate the greatest common divisor of 13 and y.
13
Let v(r) = 88*r - 8029. Let t be v(92). Calculate the highest common divisor of t and 27738.
67
Let g(r) = -437*r - 14. Let m be g(4). Let b = -367 - m. Suppose 8*t = b + 205. What is the highest common divisor of 25 and t?
25
Let u = -4101 + 4961. Calculate the greatest common factor of 30 and u.
10
Let z = -559 - -1774. Let o be (4/10 - (-486)/10) + (345 - 349). Calculate the highest common divisor of o and z.
45
Let r = -3850 - -3856. Let d = -12 - -15. Calculate the greatest common factor of d and r.
3
Let k be (-80)/(-15)*33/22. Calculate the highest common divisor of k and 164.
4
Let p(a) = a**2 + 27*a + 196. Let u be p(-19). Calculate the greatest common factor of u and 649.
11
Let z(t) = t**3 + t**2 - t + 247. Let r be z(0). Let j = -9591 - -9617. Calculate the highest common divisor of r and j.
13
Let y be 92620/165 - (0 + 4/3). Calculate the highest common divisor of y and 160.
80
Let x = -649 + 1325. Suppose 0 = 5*y - x - 424. What is the greatest common factor of 40 and y?
20
Let f be ((2 - 5) + 34/(-1))*1. Let b = -18 - f. Let g be (1/(1 - -1))/((-1)/(-304)). Calculate the greatest common factor of b and g.
19
Let r = 17 + -14. Let f(n) = 3*n**2 - 6*n + 4. Let x be f(2). Let i be (-1 - x)*72/(-15). What is the greatest common factor of r and i?
3
Let h = 82 - 82. Suppose h = -6*x + x - 2*f + 28, 2*x - f - 13 = 0. Suppose 0 - x = -3*c, -4*d + 8 = 2*c. Calculate the highest common divisor of d and 7.
1
Let c be -1*7 - -2 - (-151 - 1366). What is the greatest common divisor of c and 21?
21
Let t = -7508 - -7608. Let q = -63 + 138. Calculate the greatest common factor of t and q.
25
Let x be ((-4)/(-9))/(8/36). Let w be 0/(x - 4 - 0). Let o be 42/(-18)*(w + -9). What is the highest common divisor of o and 42?
21
Let x(m) = m + 12. Let k(w) = -11*w - 4*w**3 + 2*w**3 + w**3 + 12*w**2 - 10. Let y be k(11). Let t be x(y). What is the highest common divisor of 4 and t?
2
Suppose -34529 + 13859 = -530*k. Calculate the greatest common divisor of k and 5993.
13
Let p(i) = 269*i + 1360. Let q be p(-5). Calculate the highest common divisor of q and 168.
3
Let z be (-227)/7 - (-30)/70. Let x = 37 + z. Suppose -58 + x = -2*s + 5*m, 141 = 4*s - 3*m. What is the greatest common factor of 195 and s?
39
Suppose 5*c - 148 = -2*x, -x + 914 = -c + 826. Let l(k) = -k**3 - 8*k**2 - 2*k + 5. Let p be l(-8). What is the highest common factor of x and p?
21
Let z = 417 - 305. Let j be (-3)/(-6) + 14/4. Suppose -16 = -j*m + 48. Calculate the greatest common factor of z and m.
16
Suppose -267975 + 26637 = -38*j. Calculate the greatest common divisor of j and 174.
87
Let v be 88/(-12)*-6*20/8. Let o = 117 - 67. Calculate the highest common factor of v and o.
10
Let n(y) = -98*y - 1186. Let f be n(-13). What is the greatest common divisor of 320 and f?
8
Let n = 2920 + -2918. Let o(i) = i**2 - 4*i + 4. Let r be o(4). Let d be 40/5 - (-1 + r). What 